 88b6?
8947
In base 14, what is 5 + -299db?
-299d6
In base 12, what is b - -9282?
9291
In base 3, what is 112 - -20220000101?
20220000220
In base 9, what is 5 - 105575?
-105570
In base 12, what is 2275 - -1b?
2294
In base 10, what is 62 + 566?
628
In base 2, what is -1110011101 + 111101011?
-110110010
In base 13, what is 23 - 529b?
-5278
In base 5, what is -10324212 - -33?
-10324124
In base 8, what is -6 - -1766?
1760
In base 14, what is 5 + -192324?
-19231d
In base 7, what is -1440552 - 5?
-1440560
In base 16, what is b + 1a2?
1ad
In base 16, what is 10 + -23f1d?
-23f0d
In base 6, what is -134322123 - -5?
-134322114
In base 7, what is 3 + -4300?
-4264
In base 8, what is 47 - -17167?
17236
In base 2, what is 11010110101111110 - 1?
11010110101111101
In base 16, what is 1 - 66768?
-66767
In base 6, what is 1345 - -303?
2052
In base 3, what is 20 - 1112110?
-1112020
In base 14, what is 3 - 2586a?
-25867
In base 15, what is 7461e + -1?
7461d
In base 6, what is -1105132 + 5?
-1105123
In base 11, what is 204a - -108?
2157
In base 12, what is 51 - -262?
2b3
In base 5, what is 2 + 4104?
4111
In base 10, what is -34 - -5322?
5288
In base 3, what is 1110212020 - -20?
1110212110
In base 4, what is 102210110 - -3?
102210113
In base 13, what is -29 - a900?
-a929
In base 6, what is 110005 + 434?
110443
In base 11, what is -1 - 27a33?
-27a34
In base 15, what is -d38 - 3?
-d3b
In base 11, what is 46 - -1446?
1491
In base 16, what is ca - 1861?
-1797
In base 13, what is 61 + 2737?
2798
In base 16, what is -1a9 - bc?
-265
In base 7, what is 2653404 + 5?
2653412
In base 9, what is -20663 - -1?
-20662
In base 2, what is -1110111 + -1100001?
-11011000
In base 10, what is 5 - 60786?
-60781
In base 15, what is 0 - 9120?
-9120
In base 11, what is -2 - -6812?
6810
In base 4, what is -21321022012 - -11?
-21321022001
In base 2, what is -1010001001110000001111 - -11?
-1010001001110000001100
In base 3, what is -120 + 1102012?
1101122
In base 2, what is 111010010011010 - -11?
111010010011101
In base 14, what is 1dcb - 38?
1d93
In base 6, what is -10503024 + 0?
-10503024
In base 15, what is 1035 + -7?
102d
In base 4, what is 21132210 - -2?
21132212
In base 8, what is 61677 - 142?
61535
In base 15, what is -e4 + 1ab?
b7
In base 13, what is -3 - b4?
-b7
In base 12, what is -25 - 9a2?
-a07
In base 7, what is 31 - 146132?
-146101
In base 14, what is 36 - -3684?
36ba
In base 15, what is -18 - 4c6?
-4de
In base 2, what is 11001100100110 + -11110?
11001100001000
In base 12, what is 24 - 12b0b?
-12aa7
In base 11, what is -13802 - 42?
-13844
In base 6, what is -3532321 - 0?
-3532321
In base 13, what is 3b6 - -43a?
823
In base 4, what is -122 + -1320131?
-1320313
In base 2, what is 11000110100111011001 - -100?
11000110100111011101
In base 10, what is 1741 - 707?
1034
In base 8, what is 1312 + 11?
1323
In base 3, what is 22 - -200111102010?
200111102102
In base 13, what is -94 - -1a7?
113
In base 12, what is 729a - 8?
7292
In base 5, what is -1100 - -40302?
34202
In base 4, what is -2 - 13031002?
-13031010
In base 5, what is -202443 + -3?
-203001
In base 11, what is -964479 - -5?
-964474
In base 7, what is -6 - 352346?
-352355
In base 8, what is 2672 + -245?
2425
In base 11, what is 151 - 251?
-100
In base 5, what is -114432 + -142?
-120124
In base 8, what is 164176 + -2?
164174
In base 12, what is -a + 63?
55
In base 8, what is -1 + -55400?
-55401
In base 9, what is 3 + 21747?
21751
In base 6, what is 4 - -5411404?
5411412
In base 10, what is -48 - 8685?
-8733
In base 5, what is -2114321 + 10?
-2114311
In base 15, what is 445 - 2d?
417
In base 11, what is -1722571 - 5?
-1722576
In base 13, what is c4254 + 1?
c4255
In base 15, what is -5 + -2c3?
-2c8
In base 10, what is -410 + -441?
-851
In base 8, what is -234701 + -2?
-234703
In base 11, what is 6a174 + -47?
6a128
In base 14, what is 0 - 938?
-938
In base 6, what is 2 + 2443530?
2443532
In base 9, what is 4 - 70686?
-70682
In base 12, what is 6067 - -2?
6069
In base 16, what is -3794 + 46?
-374e
In base 5, what is -1013 + 33101?
32033
In base 4, what is 132213 + 103?
132322
In base 5, what is 1400 + 10022?
11422
In base 9, what is 50613 - 1?
50612
In base 11, what is 3 + 82159?
82161
In base 2, what is -10011011000011 + 111?
-10011010111100
In base 5, what is -104 - 434233?
-434342
In base 9, what is 3012 - -385?
3407
In base 3, what is -202101020 + -12?
-202101102
In base 8, what is 26 + 214?
242
In base 4, what is -322010 - -3030?
-312320
In base 9, what is 442 + 1737?
2280
In base 12, what is 1794 + b4a?
2722
In base 8, what is 3 + 243361?
243364
In base 4, what is -11 + 22213102?
22213031
In base 8, what is 20703 + -64?
20617
In base 10, what is 49 - 1776?
-1727
In base 11, what is -1215 - -169?
-1057
In base 7, what is -5 + -45520?
-45525
In base 7, what is 20 + -2354?
-2334
In base 13, what is -6 + -c47?
-c50
In base 8, what is -347655 + 0?
-347655
In base 7, what is -210446 + 4?
-210442
In base 13, what is 25 + -28cb?
-28a6
In base 15, what is 1b8 + -91?
127
In base 12, what is 168a3 - -5?
168a8
In base 12, what is 1a457 - 1?
1a456
In base 5, what is 32401 - -12432?
100333
In base 6, what is 130040001 + 1?
130040002
In base 4, what is -1021 + 2121113?
2120032
In base 6, what is -1 - 412515?
-412520
In base 5, what is 104404131 - -10?
104404141
In base 3, what is 0 - -2100220011?
2100220011
In base 7, what is 5 + -1022120?
-1022112
In base 7, what is 50 + -25643?
-25563
In base 14, what is -2c575a + -2?
-2c575c
In base 9, what is -305 - 16246?
-16552
In base 15, what is -27 + -3144?
-316b
In base 9, what is 1275 - -8?
1284
In base 7, what is -3365 + 121?
-3244
In base 9, what is 33 + -420?
-376
In base 14, what is 8 + -286d?
-2865
In base 13, what is 5 + 152c3?
152c8
In base 13, what is 4291 + -6?
4288
In base 3, what is -11010121 + -101?
-11010222
In base 5, what is -344234 - -143?
-344041
In base 6, what is -12 - 254340?
-254352
In base 11, what is 10 - a655a?
-a654a
In base 5, what is 404 + 2411?
3320
In base 9, what is 52 - 24886?
-24834
In base 14, what is 3c - 28?
14
In base 8, what is 157217 + 4?
157223
In base 16, what is -de68 - 8?
-de70
In base 16, what is ec9f + 1?
eca0
In base 12, what is -63b58 - 5?
-63b61
In base 16, what is -138 + 5e?
-da
In base 13, what is -1231 + -1b?
-124c
In base 3, what is -10 - -111221110?
111221100
In base 3, what is -120111220111 + -11?
-120111220122
In base 4, what is -333 + -23232?
-30231
In base 7, what is -6 + -3603162?
-3603201
In base 7, what is 51 - -352656?
353040
In base 4, what is -11 + 11030132212?
11030132201
In base 9, what is 405 + -7581?
-7175
In base 10, what is -5 - -59066?
59061
In base 4, what is -3213 - -2133?
-1020
In base 6, what is 1115 - 10125?
-5010
In base 13, what is 165c + -50a?
1152
In base 4, what is 1130 - 3010323?
-3003133
In base 4, what is 11011222 + 10?
11011232
In base 5, what is -122404 + -100?
-123004
In base 14, what is -4 - -ccc6?
ccc2
In base 8, what is -303 + 176?
-105
In base 10, what is 12381 + -56?
12325
In base 2, what is 11 + -11001110101101100?
-11001110101101001
In base 13, what is -3 - 199c9b?
-199ca1
In base 14, what is -1887 - -27?
-1860
In base 12, what is 59 - 2966?
-2909
In base 12, what is 62 + 1a6?
248
In base 15, what is -253 + -4e?
-2a2
In base 3, what is -10122022 - -1010?
-10121012
In base 4, what is 111 + 12103?
12220
In base 12, what is -498 - -34?
-464
In base 3, what is 110200 + -1000?
102200
In base 11, what is -5 + -1584?
-1589
In base 9, what is 4801274 + -3?
4801271
In base 15, what is 20bd3c - -2?
20bd3e
In base 10, what is 12679 - 8?
12671
In base 10, what is -6 + 19303?
19297
In base 9, what is -3 - -353527?
353524
In base 7, what is 1543 - -1042?
2615
In base 13, what is 64c199 + -1?
64c198
In base 9, what is 5154 + 15?
5170
In base 14, what is -7a50 - -3?
-7a4b
In base 16, what is -c + -33e9?
-33f5
In base 15, what is 3e + 1355?
1394
In base 7, what is -15420 + 6?
-15411
In base 16, what is 13 - -476?
489
In base 5, what is 1200104032 + 1?
1200104033
In base 11, what is -31a - 498a?
-51a9
In base 5, what is -132 + 11140?
11003
In base 10, what is -205096 + -13?
-205109
In base 10, what is -6 - 805534?
-805540
In base 14, what is -237 + 110c?
cb5
In base 13, what is -4a13 + -20?
-4a33
In base 13, what is 18 - 